{"version":"1.0","provider_name":"METAL TRADE COMAX, a.s.","provider_url":"https:\/\/www.mtcomax.cz\/de\/","author_name":"Editor","author_url":"https:\/\/www.mtcomax.cz\/de\/author\/balousova\/","title":"F\u00fchrung der Regionalverwaltung in Comax | METAL TRADE COMAX, a.s.","type":"rich","width":600,"height":338,"html":"<blockquote class=\"wp-embedded-content\" data-secret=\"IzwjWJjNEo\"><a href=\"https:\/\/www.mtcomax.cz\/de\/fuehrung-der-regionalverwaltung-in-comax\/\">F\u00fchrung der Regionalverwaltung in Comax<\/a><\/blockquote><iframe sandbox=\"allow-scripts\" security=\"restricted\" src=\"https:\/\/www.mtcomax.cz\/de\/fuehrung-der-regionalverwaltung-in-comax\/embed\/#?secret=IzwjWJjNEo\" width=\"600\" height=\"338\" title=\"&#8222;F\u00fchrung der Regionalverwaltung in Comax&#8220; &#8211; METAL TRADE COMAX, a.s.\" data-secret=\"IzwjWJjNEo\" frameborder=\"0\" marginwidth=\"0\" marginheight=\"0\" scrolling=\"no\" class=\"wp-embedded-content\"><\/iframe><script type=\"text\/javascript\">\n\/* <![CDATA[ *\/\n\/*! This file is auto-generated *\/\n!function(d,l){\"use strict\";l.querySelector&&d.addEventListener&&\"undefined\"!=typeof URL&&(d.wp=d.wp||{},d.wp.receiveEmbedMessage||(d.wp.receiveEmbedMessage=function(e){var t=e.data;if((t||t.secret||t.message||t.value)&&!\/[^a-zA-Z0-9]\/.test(t.secret)){for(var s,r,n,a=l.querySelectorAll('iframe[data-secret=\"'+t.secret+'\"]'),o=l.querySelectorAll('blockquote[data-secret=\"'+t.secret+'\"]'),c=new RegExp(\"^https?:$\",\"i\"),i=0;i<o.length;i++)o[i].style.display=\"none\";for(i=0;i<a.length;i++)s=a[i],e.source===s.contentWindow&&(s.removeAttribute(\"style\"),\"height\"===t.message?(1e3<(r=parseInt(t.value,10))?r=1e3:~~r<200&&(r=200),s.height=r):\"link\"===t.message&&(r=new URL(s.getAttribute(\"src\")),n=new URL(t.value),c.test(n.protocol))&&n.host===r.host&&l.activeElement===s&&(d.top.location.href=t.value))}},d.addEventListener(\"message\",d.wp.receiveEmbedMessage,!1),l.addEventListener(\"DOMContentLoaded\",function(){for(var e,t,s=l.querySelectorAll(\"iframe.wp-embedded-content\"),r=0;r<s.length;r++)(t=(e=s[r]).getAttribute(\"data-secret\"))||(t=Math.random().toString(36).substring(2,12),e.src+=\"#?secret=\"+t,e.setAttribute(\"data-secret\",t)),e.contentWindow.postMessage({message:\"ready\",secret:t},\"*\")},!1)))}(window,document);\n\/* ]]> *\/\n<\/script>\n","thumbnail_url":"https:\/\/www.mtcomax.cz\/wp-content\/uploads\/2025\/09\/545408605_1215817240569648_9120943074143945903_n.jpg","thumbnail_width":2048,"thumbnail_height":1365,"description":"In der ersten Septemberwoche 2025 besuchte uns in Comax die F\u00fchrung der Region Mittelb\u00f6hmen unter der Leitung der Regionalpr\u00e4sidentin Petra Peckov\u00e1. Es handelte sich um einen H\u00f6flichkeitsbesuch mit einem Dialog dar\u00fcber, was ein gro\u00dfes Produktionsunternehmen mit internationaler Ausrichtung beeinflusst und wo konkret die Region helfen kann. Der Diskussion ging eine Besichtigung unserer Betriebe voraus. Nach..."}

Führung der Regionalverwaltung in Comax | METAL TRADE COMAX, a.s.

<blockquote class="wp-embedded-content" data-secret="IzwjWJjNEo"><a href="https://www.mtcomax.cz/de/fuehrung-der-regionalverwaltung-in-comax/">Führung der Regionalverwaltung in Comax</a></blockquote><iframe sandbox="allow-scripts" security="restricted" src="https://www.mtcomax.cz/de/fuehrung-der-regionalverwaltung-in-comax/embed/#?secret=IzwjWJjNEo" width="600" height="338" title="&#8222;Führung der Regionalverwaltung in Comax&#8220; &#8211; METAL TRADE COMAX, a.s." data-secret="IzwjWJjNEo" frameborder="0" marginwidth="0" marginheight="0" scrolling="no" class="wp-embedded-content"></iframe><script type="text/javascript">
/* <![CDATA[ */
/*! This file is auto-generated */
!function(d,l){"use strict";l.querySelector&&d.addEventListener&&"undefined"!=typeof URL&&(d.wp=d.wp||{},d.wp.receiveEmbedMessage||(d.wp.receiveEmbedMessage=function(e){var t=e.data;if((t||t.secret||t.message||t.value)&&!/[^a-zA-Z0-9]/.test(t.secret)){for(var s,r,n,a=l.querySelectorAll('iframe[data-secret="'+t.secret+'"]'),o=l.querySelectorAll('blockquote[data-secret="'+t.secret+'"]'),c=new RegExp("^https?:$","i"),i=0;i<o.length;i++)o[i].style.display="none";for(i=0;i<a.length;i++)s=a[i],e.source===s.contentWindow&&(s.removeAttribute("style"),"height"===t.message?(1e3<(r=parseInt(t.value,10))?r=1e3:~~r<200&&(r=200),s.height=r):"link"===t.message&&(r=new URL(s.getAttribute("src")),n=new URL(t.value),c.test(n.protocol))&&n.host===r.host&&l.activeElement===s&&(d.top.location.href=t.value))}},d.addEventListener("message",d.wp.receiveEmbedMessage,!1),l.addEventListener("DOMContentLoaded",function(){for(var e,t,s=l.querySelectorAll("iframe.wp-embedded-content"),r=0;r<s.length;r++)(t=(e=s[r]).getAttribute("data-secret"))||(t=Math.random().toString(36).substring(2,12),e.src+="#?secret="+t,e.setAttribute("data-secret",t)),e.contentWindow.postMessage({message:"ready",secret:t},"*")},!1)))}(window,document);
/* ]]> */
</script>

In der ersten Septemberwoche 2025 besuchte uns in Comax die Führung der Region Mittelböhmen unter der Leitung der Regionalpräsidentin Petra Pecková. Es handelte sich um einen Höflichkeitsbesuch mit einem Dialog darüber, was ein großes Produktionsunternehmen mit internationaler Ausrichtung beeinflusst und wo konkret die Region helfen kann. Der Diskussion ging eine Besichtigung unserer Betriebe voraus. Nach...
